 h(u)?
-14
Let t = 627 + -937. Let u = t + 309. Let y(g) = 9*g**2 + g. Determine y(u).
8
Let a be (-10)/((-100)/(-15))*2 - (-5)/1. Let c(x) = -13*x + 3. Determine c(a).
-23
Let z(g) be the first derivative of -g**3/3 + 13*g**2/2 + 16*g + 2138. Give z(10).
46
Let s(y) be the third derivative of -y**6/120 + 9*y**5/20 - 2*y**4 - 17*y**3/2 - 1020*y**2. Determine s(25).
-1
Suppose -33*g - g - 550 - 470 = 0. Let p(q) = 5*q + 144. Determine p(g).
-6
Suppose 14 = i - 2*f - 3*f, 4*i = -f + 14. Suppose i*y - 10 = -y. Let z(t) = 12077*t + 2 - 2 - 6040*t - 6040*t. Give z(y).
-6
Let i(v) be the first derivative of v**2 + 11*v - 1. Let w be (18/(-10))/(1536/10240). Calculate i(w).
-13
Let r(k) = -k**3 + 4*k**2 + 6*k + 1. Let t be -3*(4/8 - 287/6). Suppose -182 + t = -8*o. Calculate r(o).
6
Let g(q) be the third derivative of -q**4/8 - 5*q**3/6 + q**2. Let o be 6*(-2)/(-4) + (29 - (-17 + 53)). What is g(o)?
7
Let h(d) be the third derivative of -d**6/120 - d**5/12 + d**4/6 - 5*d**3/6 + 2243*d**2. Calculate h(-5).
-25
Let j(g) be the second derivative of g**5/20 - 13*g**4/12 - 5*g**3/2 - 266*g + 2. Calculate j(14).
-14
Let r(o) = -5*o - 12. Suppose -264*z = -278*z - 112. Calculate r(z).
28
Suppose -4*z + l + 40 = 0, -2*z + 5*l + 2 = -4*z. Let t(a) be the second derivative of 158 + 1/6*a**3 + a - 9/2*a**2. Calculate t(z).
0
Let f(t) be the third derivative of 7*t**4/4 - 85*t**3/6 + 196*t**2 + 4. Calculate f(2).
-1
Suppose 5*u + 5*m = 35, 0 = 2*m - 6*m + 16. Let c(d) = -44 + 129 - 42 - u*d - 46. Determine c(-3).
6
Let n(d) be the third derivative of -d**5/15 - d**4/4 + d**3/2 + 2230*d**2. Give n(-3).
-15
Let p(j) = 4*j**2 - 4*j - 5. Let z(g) = g**2 + g. Let w(k) = p(k) - 3*z(k). Suppose 4*y - t - 384 = -3*t, -480 = -5*y - t. Suppose 22*u = 6*u + y. What is w(u)?
-11
Let w(s) = -s**3 + 10*s**2 - 24*s + 16. Suppose 3*k + 530*y = 526*y + 41, k + 3*y - 22 = 0. Calculate w(k).
-5
Let o(a) be the first derivative of 5*a**3/6 + 17*a**2/2 - 179*a - 1. Let w(v) be the first derivative of o(v). Determine w(-4).
-3
Let u(t) = 4*t - 1. Let g(q) = 5*q - 1. Let n(k) = 3*g(k) - 4*u(k). Suppose -5*m + 32 = -4*v, -70*m + 69*m - 5*v = 98. Calculate n(m).
9
Let m(p) = 54*p + 16. Let j(w) = 11*w + 3. Let r(v) = -11*j(v) + 2*m(v). Suppose -2*u + i - 5 = 0, 0 = -3*u + 10*i - 8*i - 9. What is r(u)?
12
Let o(c) = -c**2 - 12*c - 5. Let f(i) = i**3 + 6*i**2 + 18*i. Let l be f(-6). Let h = 96 + l. Give o(h).
-5
Let f = 91 - 100. Let m(j) = -5*j**2 + 4*j + 15*j**2 + j + 5 + j**3 + 3*j. What is m(f)?
14
Let k(l) = -l**3 - 5 + 0*l**2 + 11*l - 2*l + 8*l**2. Suppose -2*c + 38*c = -213 + 537. Determine k(c).
-5
Let x(k) be the third derivative of -k**6/60 - 3*k**5/10 - k**4/24 + k**3 - 3812*k**2. Calculate x(-9).
15
Let f = -46910 + 46909. Let d(j) = -20*j**3 + 2*j**2 - 4*j - 5. Give d(f).
21
Suppose -111 = 13*t - 33. Let y(u) be the first derivative of -u**3/3 - 2*u**2 - 5*u + 7. Calculate y(t).
-17
Let l = 196 - 194. Let m(y) = l - y - 4 + 4 - 4. Suppose -2*k - 2*k = -3*s, -2*s = -2*k - 2. Give m(k).
-5
Suppose -13*l + 12 + 27 = 0. Suppose -2*i - 5*m = -20, -3*i + 8*i - 12 = -l*m. Let s(t) = -t**3 - t**2 + t - 2. Give s(i).
-2
Let y be 931/(-63) - (-2)/(-9). Let g = y - -11. Let k(v) = 5*v**2 - 11 + 13*v**3 - 12*v**3 + 3*v + 11. Give k(g).
4
Let p(j) = -j**2 + 5*j - 2. Let z be p(2). Suppose g - z*i - 11 - 8 = 0, 4*g = -i - 9. Let f(n) = -10*n**3 + n**2 + 2*n + 1. Calculate f(g).
10
Suppose 0 = 46*g - 52*g - 18. Let s(m) = -m**2 - 10*m - 15. Let y be s(g). Let r(f) = f**2 - 6*f - 7. Determine r(y).
-7
Let m be (3 + 17)*2 - 3. Suppose -5*w - 3*b = 30, 4*w = -6*b + b - m. Let v(h) = -3*h. Let y(s) = -6*s - 1. Let z(a) = -5*v(a) + 2*y(a). Calculate z(w).
-11
Let d(l) be the first derivative of l**3/3 - 14*l**2 + 116*l + 2781. Determine d(5).
1
Let q = -44 - -48. Let i(a) = 5*a - q*a**3 + 2*a + 3*a**3 + 6 + 14*a**2 - 7*a**2. Let z be 62/8 + 2/8. Calculate i(z).
-2
Let j(b) = 8*b**3 + b**2 - b + 1. Suppose 4*x + 101 = 137. Suppose -3*s - 2*s - 4*o + x = 0, -4*s - 1 = -5*o. What is j(s)?
9
Let p(w) be the second derivative of -w**8/6720 + w**6/720 + 7*w**4/12 - w**3/3 - 131*w. Let a(r) be the third derivative of p(r). What is a(2)?
-6
Let c(p) = -p**3 - 8*p**2 - p + 12. Suppose -28 = 5*n - w, 37*n - w = 35*n - 10. Give c(n).
-54
Let v(z) = 3*z + 1. Let p be v(2). Let r(x) = p + x + 12 - 14. Suppose 20 = -0*t - 5*t. Give r(t).
1
Let u be 13/5 - (2916/135 - 21). Let n(r) = r**3 + 5*r**2 - 8*r + 1. What is n(u)?
13
Let j(g) = -g**2 - 6*g + 8. Let t(z) = z**3 - 8*z**2 - 5*z - 26. Let o be t(9). Suppose 0 = -2*b + 3*c - o, 6*b + 32 = 3*b - 4*c. What is j(b)?
-8
Let f(i) be the first derivative of 0*i**2 - 1/6*i**3 + 25 + 3*i. Let m(w) be the first derivative of f(w). What is m(-5)?
5
Let a(w) = -11*w**3 + 26*w**2 - 8*w - 33. Let t(g) = -2*g**3 + 2*g**2 - 2*g + 1. Let s(v) = a(v) - 5*t(v). Give s(16).
-6
Suppose 270 = -175*d + 190*d. Let n be -14 + 3 - (-14 + d). Let g(m) = -m**2 - 15*m + 13. Calculate g(n).
13
Suppose -7*u = -29*u + 17*u + 15. Let c(j) be the third derivative of 0*j - 1/2*j**u + 0 - 5/24*j**4 - 7/60*j**5 + 21*j**2 - 1/120*j**6. Give c(-6).
-9
Let s(w) = -w**2 - 11*w - 38. Let h = -2552 - -2545. Calculate s(h).
-10
Let k(h) = -529*h**2 + 19*h - 3 - h**3 + 242*h**2 + 292*h**2. Give k(-3).
12
Suppose -10*y + 16*y = 2250. Let n = -380 + y. Let x(j) be the first derivative of -j**4/4 - 5*j**3/3 + 5*j - 1. What is x(n)?
5
Let h be (-34)/(-10*(9 + -10) + -9). Let i(o) = o**2 + 33*o - 91. Determine i(h).
-57
Suppose -2*o + 2*g = -3*g + 12, 0 = -g + 2. Let f(b) be the second derivative of -b**4/12 - b**3/6 + b**2/2 - 26*b + 5. Determine f(o).
1
Let i(a) = -7*a**2 + 15*a - 33. Let u(n) = 3*n**2 - 7*n + 16. Let b(x) = 4*i(x) + 9*u(x). Let z be b(-5). Let p(m) = 4*m + 4*m - 3 - 8*m - z*m. Give p(-4).
5
Let m(o) = 1. Let r be -1 + 3/((-9)/(-6)). Let c(z) = 3*z + 31. Let l(i) = 6*i + 53. Let g(x) = -5*c(x) + 3*l(x). Let q(u) = r*m(u) - g(u). Calculate q(-3).
6
Let b(t) = -t**2 + 4*t + 9. Let u = -138 - -204. Let d = u - 61. What is b(d)?
4
Let s(z) = -z**2 - 24*z + 79. Let b be s(-27). Let x(n) be the second derivative of -n**5/20 - n**4/12 - n**3/6 + n**2/2 - 37*n. Give x(b).
7
Let w be ((-1)/2)/((-6)/24). Suppose -3*x - w*n - 38 = -3*n, 0 = -2*x + n - 27. Let y = 10 + x. Let l(h) = -6*h**3 + h**2 + h. Calculate l(y).
6
Suppose -r = 1 - 3, -r - 22 = -4*x. Let v(h) = -6*h**2 - x*h - 18*h**3 - 1 + 8*h**2 + 21*h**3 + 4*h. Give v(-2).
-13
Let o = -10942 - -10948. Let s(v) = -2 - 2*v**2 - 6*v - v**2 + 4*v**2 + 6. Give s(o).
4
Let q(v) be the second derivative of 3*v**3 + 1/2*v**2 + 0 - 2*v. Let s(g) = -2*g - 11. Let n be s(-5). Calculate q(n).
-17
Let c(d) = -d**2 - 2*d - 4. Let l(z) = z**3 - 16*z**2 + 15*z + 5. Let f be l(15). Suppose -f*h - 5*k + 3*k = -10, -3*h - 20 = -4*k. What is c(h)?
-4
Suppose -m + 100 = 5*m + 4*m. Let r(d) = -2*d**2 + 23*d + 12. Determine r(m).
42
Let s(r) = 10*r**3 + r - 1. Let p be 1 + -80 - (-2 - (0 + 1)). Let k = p + 81. Suppose -5 = -k*y - 25, -5*y = -z + 21. What is s(z)?
10
Let d(r) be the third derivative of -r**7/5040 + r**6/180 - 9*r**5/20 + 36*r**2. Let y(t) be the third derivative of d(t). Give y(7).
-3
Let s(l) be the second derivative of -l**4/6 + 5*l**3/6 + 3*l**2 + 127*l + 2. Calculate s(3).
3
Let a(m) = m**3 - 21*m**2 + 85*m - 39. Let d be a(16). Let w(z) = -4*z + 165. Calculate w(d).
1
Let g = 118 + -89. Suppose 3*d = 3*s - 24, -g*s - 24 = 5*d - 26*s. Let r(t) = 4*t + 24. Calculate r(d).
0
Let p(f) be the third derivative of -f**4/4 + 2*f**3/3 + 108*f**2 - f. Give p(-4).
28
Suppose 14*z - 260 = -694. Let d = 67 + z. Let b = 40 - d. Let i(m) = -4*m - 1. Calculate i(b).
-17
Let t = -1818 + 1822. Let u(h) = h**3 - 3*h**2 - 12*h + 21. Give u(t).
-11
Let m(z) = -z - 19. Let t(c) = -80*c - 178. Let a be t(-5). Let b be 1/(3 + a/(-72)). What is m(b)?
-7
Let u(z) = -z**2 + 5*z - 11. Suppose 0 = d - 4*d, -y = 2*d - 4. Suppose v = -2*f + 4*f - 14, -y*v - 16 = -3*f. Calculate u(f).
-35
Let i(g) = -g**2 - 7*g + 3. Let s(u) = u**3 + 2*u**3 + 3 + 8*u**2 - 4*u**2 + 0. Let q(t) = -t**3 + 1. Let d(o) = -4*q(o) - s(o). Let b be d(4). What is i(b)?
3
Let f = 65 + -34. Suppose -5*i - f = -4*w, 3*i - 7*i - 4*w = 32. Let x(q) be the second derivative of -q**3/6 - q**2 - 8*q. C